 r(c) = 10*c**2 - 6*c - 9. Suppose -8 = -7*k + 5*k. Suppose -22*a + 677 = 105. Calculate the remainder when r(k) is divided by a.
23
Let j(n) = n + 29. Let g = -21 + 17. What is the remainder when (8/(-10))/((-4)/610) is divided by j(g)?
22
Calculate the remainder when 1410465/152 - (-33)/(-88) is divided by 42.
39
Let l be (-22)/1*2*-1. Suppose -t + 1 = 3*x - 23, 0 = 4*x + 5*t - 21. Suppose l + 91 = x*g. What is the remainder when 88 is divided by g?
13
Let a(y) = 2*y**2 - 20 + 11*y + 3*y - 5*y. Calculate the remainder when a(-9) is divided by 8.
5
Let p(f) = 4188*f**2 - 5*f - 48. Calculate the remainder when p(-2) is divided by 73.
70
Suppose -62*m + 57*m = 30. Let r be ((-52)/(-10))/((-4)/60). Calculate the remainder when (-871)/r + 1/m is divided by 6.
5
Suppose 4*p + 521 = -3*c + 103, -3*c - 2*p - 416 = 0. What is the remainder when ((-7)/(28/c))/(6/20) is divided by 40?
35
Suppose 32*o - 29*o = -16458. Calculate the remainder when (-1)/(-1)*o/(-26) is divided by 36.
31
Suppose -x + 135 = -0*i - 3*i, -3*i + 5*x = 123. Let d = i - -57. Let b(j) = -j**2 + 13*j - 9. What is the remainder when 24 is divided by b(d)?
11
Suppose 2096 = 13*j - 348. What is the remainder when 25003 is divided by j?
187
Suppose 435*a - 413*a - 154 = 0. What is the remainder when 52 is divided by a?
3
Let t = -193 - -119. Let s = -54 - t. What is the remainder when s is divided by -1 + (5 - (5 + -3)) + 10?
8
Let j = -96 + 87. Let u be (459/(-12)*-2)/(j/(-12)). Let l = u + -74. Calculate the remainder when 54 is divided by l.
26
Let c = -1222 + 1778. Calculate the remainder when c is divided by 47.
39
Let q be 35/14 + 303/(-6). Let p = -34 - q. What is the remainder when 153 is divided by p?
13
Suppose -x - 3*x = -516. Calculate the remainder when x is divided by (14 - (-304)/(-6))/(5/(-6)).
41
Suppose 784 = 5701*k - 5673*k. Calculate the remainder when 1734 is divided by k.
26
Let r = -276 + 383. Let z = r - 82. What is the remainder when 54 is divided by z?
4
Let l be 10 + -9 + 9/(-1 + 0). Let i(u) = -u**3 + 3*u**2 - u + 1. Let a be i(3). Calculate the remainder when 16 is divided by 3 + (l/a - 1).
4
Let g(f) = -f**3 + 4*f**2 + 5*f - 6. Let n be g(4). Let t(s) = -2*s**2 + 33*s + 21. Let k be t(n). Calculate the remainder when (k/28)/(1/4) is divided by 7.
6
Suppose -80474 = -88*q + 27502. What is the remainder when q is divided by 298?
35
Let s = 43 + 88. Suppose -76 = 3*j + 5*i, 18 = j - 2*j + 2*i. Let u = j + 44. Calculate the remainder when s is divided by u.
21
Let q(u) = -88*u - 3252. Calculate the remainder when q(-42) is divided by 148.
0
Calculate the remainder when 213/(-71) + 0 + 211 is divided by 27.
19
Suppose 152*t - 5208 + 3512 - 14720 = 0. What is the remainder when 287 is divided by t?
71
Let h(t) = 10*t**3 - 107*t**2 - 12*t + 26. Calculate the remainder when h(11) is divided by 2.
1
Let q(g) = 196*g + 20. Calculate the remainder when 4936 is divided by q(0).
16
Suppose -8*j = -7*j - 56. Suppose 0 = -4*h - c + 838 + 37, c - 437 = -2*h. Calculate the remainder when h is divided by j.
51
Let s(z) = z**2 - 5*z + 11. Let n = 126 + -30. Calculate the remainder when n is divided by s(0).
8
Suppose r - 2*f - 63 = 0, 4*f + 191 = 24*r - 21*r. Calculate the remainder when 306 is divided by r.
46
Suppose -8 = -4*r + 8. Suppose 20 = 4*c + r*u, -5*c + 23 = -2*u - 9. What is the remainder when 6 + -6 - 5 - (3 + -84) is divided by c?
4
Suppose -10954 - 3953 - 3693 = -150*r. Calculate the remainder when 732 is divided by r.
112
Suppose -4*h - 15 = -9*h. Suppose o - 18 = z - 0*z, 4*z = -h*o + 54. Calculate the remainder when 68 + 2 + (-3 - -2) is divided by o.
15
What is the remainder when 4785 is divided by 177 - ((-17 - 47)/8 + 14 + 0)?
168
Suppose -4*h + 44 = -0*h. Let c = -173 - -214. What is the remainder when c is divided by h?
8
Let o be (-6)/15 - (-276)/115. Suppose 4*n = -y + 70, 129 = y - o*n + 41. Calculate the remainder when y is divided by 59.
23
Let r = -529 + 597. Suppose -2*t + 135 = 63. What is the remainder when r is divided by t?
32
Let j be (-9)/6*12/(-9). Let u = -728 - -736. Suppose -u*g + j*g + 390 = 0. Calculate the remainder when g is divided by 19.
8
Let x be 195/(-117) - (-1312)/6. Let f = -214 + x. What is the remainder when 4 is divided by f?
1
What is the remainder when (-29)/203*77 - (-2344)/2 is divided by 30?
21
Let d(h) = -5*h**3 - 2*h**2 - 5*h - 4. Let a be d(-1). Suppose 27 = -a*s + 71. Calculate the remainder when 21 is divided by s.
10
Let g(y) = y**3 - y**2. Suppose 0 = -5*o - 6*c + 2*c + 199, 0 = -2*o - 2*c + 80. Let v = o + 10. What is the remainder when v is divided by g(3)?
13
Suppose 3*r + 8 = -5*n - 17, -17 = -4*n + 5*r. Let a = -11 - -35. What is the remainder when ((-282)/(-24))/(n/(-8)) is divided by a?
23
What is the remainder when 772 is divided by (4*(-19)/((-1064)/(-21)))/((-1)/86)?
127
Suppose -99 = -4*w - 75. Calculate the remainder when 9850 is divided by w.
4
Suppose 0 = -0*q - 2*q + 308. Suppose 0 = 57*w - 34*w - 1909. Suppose -w = -3*t - 5*g, 12*t + 128 = 17*t - 2*g. Calculate the remainder when q is divided by t.
24
Suppose -126 = -2*s + 3*a, s - 77 = -10*a + 15*a. Calculate the remainder when s is divided by 15.
12
Let h(j) = -4*j - 24. Let s be h(-6). Suppose 5*v - 8*v + 15 = s. Let x(z) = z**3 + z**2 + z + 14. What is the remainder when x(0) is divided by v?
4
Suppose -3*c - 19 = -r, -3*r - 4*c + 16 = 24. Suppose -z = -3*q + 73, 2*q + r*z = 4*q - 62. What is the remainder when 242 is divided by q?
12
Let w = 13280 + -13033. What is the remainder when w is divided by 125?
122
Suppose p - 5*l = 30, 3*p + p = -3*l + 28. Let v = -4292 - -4434. Suppose 0 = -11*y + v - p. What is the remainder when 59 is divided by y?
11
Let o be ((-6270)/132)/(1/(-2)). Suppose 3*x - 225 = x + 3*u, 5*u = x - o. Calculate the remainder when x is divided by 61.
59
What is the remainder when 13416/54 - (-16)/(-36) is divided by ((-567)/(-18))/(2/4)?
59
What is the remainder when 0 + 1 - 3 - -17 is divided by -2 + (8 - (-1 - -11) - 16/(-2))?
3
Let t = 2633 - 2625. What is the remainder when 165 is divided by t?
5
Let h(u) = -u**3 - 3*u**2 + 56*u - 103. What is the remainder when 794 is divided by h(4)?
2
Let d = 587 + -573. Suppose -7*m + 100 = -3*m. Suppose 3*q = 5*j + 8*q - m, 0 = 2*j + 4*q - 2. Calculate the remainder when d is divided by j.
5
Let c be (-130)/25 - 3/(-15). Calculate the remainder when 99 is divided by c/((-110)/(-4)) - 567/(-33).
14
Suppose 34*q - 28*q = 12. Let u be (1664/(-48))/(q/(-3)). Let b = -22 + u. What is the remainder when 177 is divided by b?
27
Let s = 5474 - 5424. Calculate the remainder when 399 is divided by s.
49
Let q(g) = g**3 - 20*g**2 - 2*g + 43. Let l be q(20). Suppose -124 = -l*c - 5*h + 102, 4*c = h + 332. What is the remainder when c is divided by 39?
4
Let v(x) = 19*x**2 - 31*x + 61. Let c be 1/((-1)/(-2)) + 0/(-5). What is the remainder when 218 is divided by v(c)?
68
Suppose -1209*i + 486*i + 21690 = 0. Suppose 8 + 69 = d. Calculate the remainder when d is divided by i.
17
Let g(p) = -4*p**2 + 101*p + 114. Suppose k + 701 = 4*c, -c + 0*k + 179 = -4*k. Calculate the remainder when c is divided by g(26).
31
What is the remainder when 20*6*6/(-90) + 891 is divided by 95?
28
Let p = -31 + 50. Let h(o) = 12*o - 66. Let i be h(4). Calculate the remainder when ((-188)/(-12))/((-6)/i) is divided by p.
9
Suppose 16 = -20*g + 16*g, g + 8 = b. What is the remainder when 34 is divided by (54/b)/(33/44)?
16
Suppose -6417 = -30*a - a. Suppose -123*o + a = -120*o. What is the remainder when o is divided by 28?
13
Calculate the remainder when 1152 is divided by ((-44460)/1976)/((-10)/128).
0
Suppose 6 = -k + 8, -h - 2*k = -93. Let r = -27 - -34. What is the remainder when h is divided by r?
5
Suppose 300 = 4*h + 36. What is the remainder when (-858)/(-156)*40/44*92 is divided by h?
64
Let m = -459 - -286. Let n = 193 + m. Calculate the remainder when 215 is divided by n.
15
Suppose -107 = -5*b - 4*j - 28, -4*b - 2*j = -62. Let g = -49 + 56. What is the remainder when b is divided by g?
1
Suppose 24 = 18*l - 15*l. Let z = 248 - 131. Calculate the remainder when z is divided by l.
5
Let z = -314 - -374. Suppose 3*c = -y + z, 2*c + 80 = 6*c + 3*y. Calculate the remainder when 73 is divided by c.
13